{"id":431,"date":"2024-11-20T18:23:37","date_gmt":"2024-11-20T18:23:37","guid":{"rendered":"https:\/\/wifisempagar.com.br\/?page_id=431"},"modified":"2024-11-26T02:54:02","modified_gmt":"2024-11-26T02:54:02","slug":"parceiros","status":"publish","type":"page","link":"https:\/\/wifisempagar.com.br\/index.php\/parceiros\/","title":{"rendered":"Parceiros"},"content":{"rendered":"\n<h2 class=\"wp-block-heading\" id=\"como-funciona\" style=\"margin-top:0px;margin-right:0px;margin-bottom:0px;margin-left:0px;padding-top:var(--wp--preset--spacing--10);padding-right:9px;padding-bottom:var(--wp--preset--spacing--10);padding-left:9px\">Como funciona<\/h2>\n\n\n\n<p style=\"margin-right:0px;margin-left:0px;padding-right:25px;padding-left:25px\">O cliente ao visitar seu neg\u00f3cio, realiza o primeiro acesso ao Wi-Fi, nele ser\u00e1 solicitado um cadastro (opcionalmente) no primeiro acesso apenas, voc\u00ea configura como quiser de acordo com nossas diversas op\u00e7\u00f5es, escolhendo o que e como quer coletar as informa\u00e7\u00f5es, como nome, telefone, e-mail endere\u00e7o, data de nascimento, g\u00eanero entre outros dados, ap\u00f3s isso voc\u00ea ter\u00e1 este cliente cadastro em sua base de dados para iniciar uma relacionamento mais pr\u00f3ximo do seu cliente, com envio de mensagens e relat\u00f3rios que indicam quando seus clientes voltaram e tamb\u00e9m os novos clientes.<\/p>\n\n\n\n<div class=\"wp-block-columns is-layout-flex wp-container-core-columns-is-layout-3f02b294 wp-block-columns-is-layout-flex\" style=\"margin-top:23px;margin-bottom:23px;padding-top:0;padding-right:25px;padding-bottom:0;padding-left:25px\">\n<div class=\"wp-block-column is-layout-flow wp-block-column-is-layout-flow\">\n<h4 class=\"wp-block-heading\" style=\"margin-top:var(--wp--preset--spacing--10);margin-bottom:var(--wp--preset--spacing--10)\"><strong>Primeiro Acesso<\/strong><\/h4>\n\n\n\n<p>No primeiro acesso voc\u00ea pode solicitar um cadastro dos seus visitantes que \u00e9 solicitado uma \u00fanica vez, com isso ter\u00e1 uma base de dados segmentada e rica para divulgar promo\u00e7\u00f5es e novidades do seu neg\u00f3cio.<\/p>\n\n\n\n<h5 class=\"wp-block-heading\" style=\"padding-top:var(--wp--preset--spacing--10);padding-bottom:var(--wp--preset--spacing--10)\"><strong>Enquetes Personalizadas<\/strong><\/h5>\n\n\n\n<p>Que tal perguntar o que seu cliente mais gosta? Qual a comida preferida dele? Ainda poder pedir qualquer informa\u00e7\u00e3o para ele digitar ou escolher? Conhe\u00e7a mais de seus clientes!<\/p>\n<\/div>\n\n\n\n<div class=\"wp-block-column is-layout-flow wp-block-column-is-layout-flow\">\n<figure class=\"wp-block-image size-full has-custom-border is-style-default\" style=\"margin-top:35px;margin-bottom:35px\"><img loading=\"lazy\" decoding=\"async\" width=\"436\" height=\"504\" src=\"https:\/\/wifisempagar.com.br\/wp-content\/uploads\/2024\/11\/telashotspot.png\" alt=\"\" class=\"wp-image-433\" style=\"border-radius:35px\" srcset=\"https:\/\/wifisempagar.com.br\/wp-content\/uploads\/2024\/11\/telashotspot.png 436w, https:\/\/wifisempagar.com.br\/wp-content\/uploads\/2024\/11\/telashotspot-260x300.png 260w\" sizes=\"auto, (max-width: 436px) 100vw, 436px\" \/><\/figure>\n<\/div>\n\n\n\n<div class=\"wp-block-column is-layout-flow wp-block-column-is-layout-flow\">\n<h5 class=\"wp-block-heading\" style=\"margin-top:var(--wp--preset--spacing--10);margin-bottom:var(--wp--preset--spacing--10)\"><strong>Divulga\u00e7\u00e3o Ao Vivo<\/strong><\/h5>\n\n\n\n<p>No Facebook voc\u00ea pode ativar o check-in, compartilhamento de promo\u00e7\u00f5es, sites, blogs, ou qualquer link da internet p\u00fablico, marcar amigos, sentimentos, escrever uma frase, publicando em seu mural da rede social e ainda avaliar seu neg\u00f3cio de forma interna onde apenas o dono do neg\u00f3cio ter\u00e1 acesso \u00e0s avalia\u00e7\u00f5es.<\/p>\n\n\n\n<h5 class=\"wp-block-heading\" style=\"margin-top:var(--wp--preset--spacing--10);margin-bottom:var(--wp--preset--spacing--10)\"><strong>Envio de SMS e WhatsApp<\/strong><\/h5>\n\n\n\n<p>A partir do momento que voc\u00ea disponibiliza nossa plataforma para seus clientes utilizarem, voc\u00ea mant\u00e9m uma base de dados real e atualizada, podendo enviar mensagens filtrando os dados como g\u00eanero, faixa et\u00e1ria, data da visita, estado civil entre outros, estreitando o relacionamento com seus clientes!<\/p>\n<\/div>\n<\/div>\n\n\n\n<p><\/p>\n","protected":false},"excerpt":{"rendered":"<p>Como funciona O cliente ao visitar seu neg\u00f3cio, realiza o primeiro acesso ao Wi-Fi, nele ser\u00e1 solicitado um cadastro (opcionalmente) no primeiro acesso apenas, voc\u00ea configura como quiser de acordo com nossas diversas op\u00e7\u00f5es, escolhendo o que e como quer coletar as informa\u00e7\u00f5es, como nome, telefone, e-mail endere\u00e7o, data de nascimento, g\u00eanero entre outros dados, [&hellip;]<\/p>\n","protected":false},"author":1,"featured_media":0,"parent":0,"menu_order":0,"comment_status":"closed","ping_status":"closed","template":"page-no-title","meta":{"footnotes":""},"class_list":["post-431","page","type-page","status-publish","hentry"],"_links":{"self":[{"href":"https:\/\/wifisempagar.com.br\/index.php\/wp-json\/wp\/v2\/pages\/431","targetHints":{"allow":["GET"]}}],"collection":[{"href":"https:\/\/wifisempagar.com.br\/index.php\/wp-json\/wp\/v2\/pages"}],"about":[{"href":"https:\/\/wifisempagar.com.br\/index.php\/wp-json\/wp\/v2\/types\/page"}],"author":[{"embeddable":true,"href":"https:\/\/wifisempagar.com.br\/index.php\/wp-json\/wp\/v2\/users\/1"}],"replies":[{"embeddable":true,"href":"https:\/\/wifisempagar.com.br\/index.php\/wp-json\/wp\/v2\/comments?post=431"}],"version-history":[{"count":10,"href":"https:\/\/wifisempagar.com.br\/index.php\/wp-json\/wp\/v2\/pages\/431\/revisions"}],"predecessor-version":[{"id":503,"href":"https:\/\/wifisempagar.com.br\/index.php\/wp-json\/wp\/v2\/pages\/431\/revisions\/503"}],"wp:attachment":[{"href":"https:\/\/wifisempagar.com.br\/index.php\/wp-json\/wp\/v2\/media?parent=431"}],"curies":[{"name":"wp","href":"https:\/\/api.w.org\/{rel}","templated":true}]}}